of 110 and 19426.
22
Calculate the highest common divisor of 31584 and 1512.
168
Calculate the greatest common divisor of 789 and 137549.
263
What is the highest common factor of 7847 and 193697?
413
What is the greatest common divisor of 3927 and 58191?
357
Calculate the highest common factor of 2547 and 24.
3
What is the highest common divisor of 5151 and 221?
17
Calculate the greatest common divisor of 248744 and 826.
118
What is the highest common divisor of 34 and 6947798?
34
What is the highest common divisor of 1284570 and 1575?
315
Calculate the highest common divisor of 96311 and 11248.
703
What is the greatest common factor of 15106 and 104?
26
What is the highest common divisor of 790 and 3070?
10
What is the highest common divisor of 1633152 and 128?
128
What is the greatest common factor of 70 and 33432?
14
What is the highest common factor of 331631 and 148?
37
Calculate the highest common factor of 52 and 120887.
13
Calculate the highest common divisor of 8 and 123.
1
What is the highest common divisor of 195812 and 68?
4
What is the highest common factor of 274 and 49731?
137
Calculate the highest common factor of 103432 and 4928.
56
What is the highest common factor of 1510106 and 52?
26
What is the greatest common factor of 450 and 203400?
450
What is the highest common factor of 3587 and 31909?
17
Calculate the greatest common factor of 34 and 106862.
34
Calculate the highest common divisor of 160322 and 38.
38
What is the greatest common factor of 76153 and 665?
7
What is the highest common factor of 978 and 179463?
489
What is the highest common divisor of 7676 and 11716?
404
Calculate the highest common divisor of 823 and 7827553.
823
What is the highest common factor of 1043 and 74403?
7
What is the highest common factor of 165312 and 8352?
288
Calculate the greatest common factor of 48095 and 115.
5
What is the highest common divisor of 13091 and 221?
13
Calculate the greatest common divisor of 37570 and 13.
13
What is the highest common divisor of 130 and 765830?
130
What is the highest common divisor of 321 and 48578?
107
Calculate the greatest common factor of 5904 and 3072.
48
Calculate the greatest common factor of 1524 and 1569212.
508
What is the highest common divisor of 17619 and 6?
3
What is the highest common divisor of 2967 and 24897?
129
Calculate the highest common factor of 663 and 20475.
39
Calculate the greatest common divisor of 94 and 876926.
94
Calculate the highest common divisor of 10319 and 221.
17
What is the greatest common factor of 3048061 and 937?
937
Calculate the greatest common factor of 16 and 273478.
2
Calculate the greatest common factor of 32 and 8691568.
16
Calculate the highest common divisor of 5 and 259910.
5
What is the greatest common factor of 32461 and 104?
13
Calculate the highest common divisor of 882 and 526176.
126
What is the highest common divisor of 218497 and 27493?
1447
What is the highest common divisor of 107 and 212?
1
Calculate the greatest common factor of 72 and 824.
8
What is the highest common divisor of 16401 and 357?
21
What is the greatest common divisor of 1564 and 116?
4
What is the greatest common divisor of 24 and 919896?
24
Calculate the greatest common divisor of 14732 and 32.
4
What is the highest common factor of 6010 and 15?
5
Calculate the greatest common divisor of 1923 and 321.
3
What is the highest common factor of 1072 and 200866?
134
What is the greatest common divisor of 5548 and 12118?
146
What is the greatest common factor of 8203 and 10465?
13
What is the greatest common factor of 58 and 119625?
29
What is the highest common factor of 13107 and 1683?
51
What is the greatest common factor of 158 and 364822?
158
Calculate the highest common factor of 1630 and 27380.
10
Calculate the highest common factor of 571913 and 4873.
443
What is the greatest common factor of 3031 and 737399?
433
What is the highest common factor of 202 and 93829?
101
What is the greatest common factor of 225 and 326205?
45
Calculate the greatest common factor of 2131711 and 179.
179
What is the highest common divisor of 5896 and 12936?
88
What is the highest common divisor of 53424 and 630?
126
What is the greatest common divisor of 2950 and 1960?
10
What is the greatest common divisor of 13 and 308269?
13
What is the greatest common divisor of 196 and 2860564?
28
What is the highest common divisor of 1134 and 5517?
9
Calculate the greatest common divisor of 69576 and 4758.
78
What is the greatest common factor of 770012 and 5216?
652
Calculate the highest common factor of 69800 and 375.
25
Calculate the highest common factor of 754 and 590694.
26
Calculate the highest common divisor of 81240 and 8801.
677
Calculate the highest common factor of 12577886 and 19.
19
What is the greatest common divisor of 222 and 2387055?
111
What is the greatest common divisor of 364 and 54782?
182
Calculate the highest common divisor of 470348 and 1003.
59
Calculate the highest common factor of 564039 and 7.
7
Calculate the highest common factor of 2457 and 36127.
91
Calculate the highest common divisor of 1037 and 299183.
17
What is the greatest common factor of 10368 and 122472?
648
What is the highest common divisor of 87 and 1314?
3
Calculate the highest common divisor of 255 and 997995.
15
Calculate the highest common divisor of 2043943 and 22.
11
What is the highest common divisor of 928 and 512?
32
Calculate the greatest common divisor of 3015 and 386255.
335
What is the highest common divisor of 76708 and 755?
151
Calculate the highest common divisor of 891 and 27423.
99
Calculate the highest common divisor of 4416 and 184092.
276
What is the highest common factor of 33395 and 65?
5
What is the highest common factor of 19965 and 176?
11
Calculate the highest common factor of 6694944 and 24.
24
Calculate the highest common divisor of 939620 and 20.
20
What is the greatest common divisor of 46225 and 430?
215
Calculate the highest common divisor of 21 and 331807.
7
What is the greatest common factor of 66138 and 3285?
219
Calculate the highest common divisor of 2017803 and 681.
681
Calculate the highest common divisor of 238952 and 340.
68
Calculate the greatest common factor of 127466 and 2934.
326
What is the highest common factor of 5833 and 2584?
19
Calculate the greatest common divisor of 18858 and 238.
14
What is the highest common factor of 1539 and 9153?
81
Calculate the highest common factor of 15 and 66780.
15
Calculate the greatest common factor of 8667 and 2187.
81
Calculate the greatest common divisor of 14446 and 6058.
466
What is the greatest common factor of 1015379 and 19?
19
Calculate the greatest common factor of 1065 and 51075.
15
Calculate the highest common divisor of 369889 and 338.
13
What is the highest common factor of 30 and 98350?
10
What is the highest common divisor of 7278 and 282?
6
What is the highest common divisor of 45 and 13605?
15
What is the greatest common divisor of 162 and 745686?
162
What is the greatest common divisor of 1049755 and 28308?
2359
Calculate the highest common factor of 196 and 31703.
49
What is the greatest common factor of 8841 and 105?
21
What is the highest common divisor of 810 and 447030?
90
What is the greatest common divisor of 420 and 660765?
105
What is the greatest common factor of 474255 and 810?
405
What is the highest common factor of 3324686 and 226?
226
What is the highest common factor of 22719 and 3?
3
What is the highest common factor of 644 and 756?
28
What is the greatest common factor of 4580 and 160?
20
Calculate the highest common divisor of 5203 and 27588.
121
Calculate the greatest common factor of 23392 and 38743.
731
What is the highest common divisor of 10970 and 70?
10
Calculate the highest common factor of 338 and 168662.
338
Calculate the greatest common factor of 23109 and 39.
3
Calculate the highest common divisor of 3410 and 856685.
155
What is the highest common factor of 88209 and 792?
99
What is the greatest common divisor of 171 and 6897?
57
Calculate the greatest common factor of 26 and 15172547.
13
Calculate the greatest common factor of 231627 and 231.
33
What is the highest common divisor of 4438 and 3059?
7
What is the greatest common factor of 3122 and 85918?
14
What is the 